 is the greatest common factor of 18 and n?
9
Let t = -2379 + 2409. What is the highest common divisor of t and 2490?
30
Let y = 561 - 291. What is the greatest common divisor of 18 and y?
18
Let s(l) = 11*l**2 + 2*l - 2. Let b be s(2). Suppose -5*u = -24 - b. What is the highest common factor of 154 and u?
14
Suppose -j - 28 = -188. Calculate the greatest common divisor of 32 and j.
32
Let j = 211 - 151. Let s = 10 + -5. Let h = 29 - s. What is the greatest common factor of h and j?
12
Suppose 5*t - 1 = 2*s - 12, s - 5 = 2*t. Suppose 0 = -4*y - 5*n + 141, y - n = -s*n + 39. Let m = -16 + y. What is the highest common factor of m and 26?
13
Let n(p) be the third derivative of 0*p**3 + 0*p + 0 + 23/30*p**5 + 2*p**2 + 0*p**4. Let y be n(-1). What is the greatest common factor of y and 69?
23
Let y be (2/4)/(-2*1/(-20)). Suppose u = -w + 53, 0 = 4*u - 0*u - 4*w - 228. What is the highest common divisor of y and u?
5
Suppose 20*f - 72 = 11*f. What is the highest common factor of f and 216?
8
Suppose 3*y = -3*a + 573, -4*a = -3*y + 459 + 121. What is the highest common factor of y and 6?
6
Let n = 96 + -103. Let l(u) = -u**3 - 7*u**2 + 6. Let o be l(n). Calculate the greatest common divisor of 15 and o.
3
Suppose i + 1 = 0, g - i + 29 = 3*g. Let h = -151 + 211. What is the greatest common factor of g and h?
15
Suppose -5*u + 32 = 5*w - 118, 2*u - 5*w = 39. Let y = u - 10. What is the highest common factor of 85 and y?
17
Let a(r) = -r**3 - 5*r**2 - 1. Let q be a(-4). Suppose -3*y = 2*p - 35, -6*p + 3*y = -p - 140. Let z = p + q. What is the highest common divisor of 4 and z?
4
Let y = 117 + -114. Suppose 425 + 250 = y*t. Calculate the highest common factor of 25 and t.
25
Let i = 232 + -213. Calculate the greatest common factor of 57 and i.
19
Let u = 22 + -7. Let n(c) = c**2 - 3*c - 4. Let m be n(5). Suppose -2*a - 20 = -m*a. What is the highest common divisor of a and u?
5
Suppose 4*c - v = 34, -2 = -c - 4*v + 15. Suppose 0 = -c*l + 350 + 1360. What is the highest common factor of 76 and l?
38
Suppose 5*v + 1105 = 3*c + c, -5*c + 5*v = -1380. Let h(g) = 116*g - 1715. Let f be h(15). Calculate the greatest common factor of c and f.
25
Suppose -4*d + 41 = -43. Let h be 28/(-56) + (-85)/(-2). What is the greatest common factor of d and h?
21
Let a = -24 + 29. Suppose v - a*v = -28. Suppose -5*c = -c - 28. What is the greatest common factor of c and v?
7
Let k = 2622 + -2494. What is the greatest common divisor of 16 and k?
16
Let v = -617 - -664. What is the greatest common divisor of 4 and v?
1
Let f = 769 - 652. Let d(w) = w**3 + 9*w**2 - w + 4. Let r be d(-9). What is the highest common factor of r and f?
13
Suppose 2*d + 2 = 4*d. Suppose -2 = 3*l + 16. Let w(p) = -2*p**3 - 12*p**2 - p + 3. Let b be w(l). Calculate the highest common factor of b and d.
1
Let h(u) = 2*u**2 + 18*u - 13. Let j(y) = -9*y**3 - y**2 + y - 1. Let n be j(1). Let v be h(n). What is the highest common divisor of v and 49?
7
Let d be (1 + 0/(-2))*-11. Let v(m) = m**3 + 12*m**2 + 7*m - 1. Let l be v(d). Let c = l + -30. Calculate the highest common divisor of 117 and c.
13
Let u be (-22 + (7 - (7 + -3)))*-9. Let a(n) = 18*n**3 + 2*n**2 - n. Let z be a(1). What is the highest common divisor of u and z?
19
Let g(s) = -10*s**2 + 3*s + 5. Let h be g(-2). Let f = h + 49. Calculate the highest common divisor of 4 and f.
4
Let y = -212 - -509. Calculate the highest common divisor of 33 and y.
33
Let x = 6 + 164. Calculate the highest common divisor of 5 and x.
5
Let p be 1 + -2 + 2 + -73. Let f = p + 51. Let y = -17 - f. What is the highest common factor of 1 and y?
1
Let n be (23 - 2) + (0 - 2) + -1. Let i(w) = -w**2 + 18*w + 9. Let t be i(18). Calculate the greatest common factor of t and n.
9
Let t(u) = -13*u - 147. Let d be t(-30). Calculate the highest common divisor of 108 and d.
27
Suppose -8375 = -8*t + 19865. What is the highest common factor of t and 10?
10
Let a(k) = k**2 + 39*k + 177. Let z be a(-34). Suppose -2*r = -v - 61, r = -0*r + 4*v + 48. What is the highest common divisor of r and z?
7
Let j be (-95)/(-3) - (-80)/60. Let u(q) = -2*q**3 - 5*q**2 + 7. Let r be u(-5). Calculate the highest common factor of j and r.
33
Let v be (1/1)/(3/84). Let j = v - 27. Calculate the highest common divisor of j and 4.
1
Let o(t) = 17*t + 3 - 18*t + 10 + 7. Let b = -23 + 36. Let h be o(b). What is the greatest common divisor of 63 and h?
7
Let z(h) = -h**3 - 3*h**2 - 4*h - 84. Let n be z(-6). Calculate the greatest common factor of 1272 and n.
24
Suppose -k = 3*a - 7, 39 + 8 = 3*k - 4*a. Let w = 51 - 38. Calculate the greatest common divisor of w and k.
13
Suppose 4*t = -5*n - 28, -4*t = n - 3*n. Let k(a) = 6*a**2 + 5*a - 4. Let f be k(n). Suppose 0*h - f = -3*h. Calculate the highest common divisor of h and 16.
8
Let x(j) be the second derivative of -7/6*j**3 + 6*j + 0 + 0*j**2. Let z be x(-5). Calculate the greatest common factor of z and 14.
7
Let k(i) = -i**2 + 8*i + 2. Let t be k(8). Let q be (t + -1 - -79) + 0. Suppose -u + 8*a + 20 = 6*a, -u = 2*a. What is the highest common factor of q and u?
10
Let m(f) = f**3 - 19*f**2 - 38*f - 9. Let h be m(21). Calculate the greatest common divisor of h and 25.
25
Suppose 47 - 282 = -47*x. Calculate the greatest common factor of x and 10.
5
Suppose p + 0*p + 1 = 0. Let m = p + 3. Suppose m*h = -8 + 58. What is the greatest common factor of 275 and h?
25
Let n(w) = 3*w**2 + 7*w + 19. Let h be n(-5). Let u = h + -51. What is the highest common divisor of 16 and u?
8
Let f be 1/(1*3/429). Calculate the greatest common factor of f and 13.
13
Let j be 282/5 + ((-54)/(-15) - 3). Let u = j + -33. Let m(g) = g**2 - 4*g + 1. Let t be m(5). Calculate the greatest common divisor of t and u.
6
Let z = -23 - 133. Let w = 316 + z. Let j be ((-4)/10)/((-1)/w). What is the highest common divisor of 8 and j?
8
Let j = -3 + 4. Let m = 457 + -455. Calculate the greatest common divisor of m and j.
1
Suppose -2 + 3 = -2*b - 5*d, -2*b = -3*d - 23. Suppose -5*v = 0, -v - 26 - 16 = -3*w. Calculate the highest common factor of w and b.
7
Let o(p) = -p**3 - 5*p**2 - 29*p - 96. Let t be o(-4). Let y(x) = 16*x + 4. Let l be y(3). Calculate the greatest common divisor of l and t.
4
Let u(l) = -l**3 - 4*l**2 - 6*l - 7. Let m be u(-3). Suppose 30 = 3*j - m*z, -2*j + 12 = 5*z - 8. What is the highest common divisor of j and 5?
5
Let x = -78 + 146. Let r(o) = -o**3 + 17*o**2 - 16*o + 24. Let u be r(16). Let f = x - u. Calculate the highest common divisor of 22 and f.
22
Let b be 15747/27 + (-4)/18. Calculate the highest common factor of 11 and b.
11
Suppose -3*l = 2*a - 6*l - 89, 5*a + l - 248 = 0. Let c(x) = -x**3 - 5*x**2 + 4*x - 5. Let k be c(-6). What is the greatest common factor of k and a?
7
Let p = -3 + 8. Suppose 4*a - 2*l - 236 = 0, p*a + l + l = 313. Let b = a + 19. What is the greatest common factor of 10 and b?
10
Let c = -55 - 10. Let z = c + 95. Calculate the highest common factor of 6 and z.
6
Suppose 4*p - 4*i = 16, 3*p - p + 4*i = -4. Let m = -43 + 43. Suppose m = p*l - 14 - 34. Calculate the greatest common divisor of 36 and l.
12
Suppose -10*r - 96 = -11*r + 3*i, -4*r = 3*i - 354. Calculate the highest common factor of 120 and r.
30
Let j be 259/42 + 3/(-18). Let m be 8/(-6) + 1352/j. What is the greatest common divisor of 28 and m?
28
Suppose 6*q + 6*q - 36 = 0. Let i be (-5)/(15/(-63)) - q. What is the highest common factor of 2 and i?
2
Let h(b) = -36*b - 3. Let r be 2*(10/4 + -4). Let q be h(r). Let f = -20 - -35. Calculate the greatest common divisor of q and f.
15
Suppose -91*u - 300 = -95*u. Calculate the greatest common divisor of 135 and u.
15
Let l(x) = 8*x - 2. Let v be l(4). Suppose 0 = -2*h - w + 44, -2*w - 52 = -2*h - w. What is the greatest common divisor of h and v?
6
Suppose 0*b = -3*b + 24. Suppose 0 = 2*x + 5*f - b, -2*f + f - 3 = 5*x. Let r be 1 + 26 + (3 - x). Calculate the highest common factor of r and 62.
31
Let p(q) = q**3 - 3*q**2 - 41*q + 20. Let j be p(8). Calculate the highest common divisor of 3 and j.
3
Let g = 2 - -19. Suppose 3*i - x = -7, 0 = 2*i + 3*i - 2*x + 13. Let d be (10/6)/(i/(-126)). Calculate the greatest common divisor of g and d.
21
Let q(p) = -2*p + 4 - 5 + 2 - 5. Let h be q(-4). Suppose -2 = -3*s